nder when 53 is divided by n(-7).
17
Suppose 5 = x + 4*x. Let l(d) be the third derivative of 17*d**5/60 - d**3/6 + 32*d**2. Calculate the remainder when 46 is divided by l(x).
14
Suppose -3*t = 4*m - 675, m + 4*m - 830 = -t. Calculate the remainder when m is divided by 24.
21
What is the remainder when 76 is divided by (-12)/(-32) - 698/(-16)?
32
Let x(g) be the second derivative of g**5/20 - 2*g**4/3 + 4*g**3/3 + 4*g**2 - 2*g. Let u be (-44)/(-6) - 3/9. What is the remainder when 59 is divided by x(u)?
14
Let o = -172 - -436. What is the remainder when o is divided by 38?
36
Let o = 160 - 59. What is the remainder when o is divided by 16?
5
Let m(n) = -n**2 - 8*n - 2. Suppose -4*z = z - 20. Suppose 3*c = -4*b + 93, 2*b - z*c - 47 = 27. Calculate the remainder when b is divided by m(-6).
7
Suppose -2*d + l = -673, -5*d + l = 67 - 1757. What is the remainder when d is divided by 69?
63
Suppose 56 = 4*m + 24. Calculate the remainder when 246 is divided by m.
6
Suppose -w = -3*d + 7 - 3, -5*d + 3*w + 4 = 0. Let o(p) = 5*p**2 - p + 7. What is the remainder when o(d) is divided by 18?
7
Suppose 4*z = 4*i + 2888, 1054 = -4*z + 3*i + 3937. What is the remainder when z is divided by 48?
45
Let y = 57 - 48. Calculate the remainder when ((-276)/y)/(14/(-21)) is divided by 24.
22
Suppose 0 = 4*z + 5*g - 283, 15 = -2*g - g. What is the remainder when 1/(z/(-316) + (-11)/(-44)) is divided by 20?
18
Suppose 0 = -9*u + 1317 + 60. What is the remainder when 1217 is divided by u?
146
Let j(x) = 13*x**3 + 4*x**2 - 3*x. Let v = -94 + 95. Calculate the remainder when 67 is divided by j(v).
11
Suppose -39*k - 18*k + 1368 = 0. Calculate the remainder when 48 is divided by k.
0
Suppose 4*l = -5*p - 13, -4*p = 3*l - 0 + 11. Suppose 222 = 5*d + f, 0*f = -4*d + l*f + 170. What is the remainder when d is divided by 23?
21
Suppose g - 16 = p - 3*g, g - 11 = 2*p. Let t = 5 - p. Suppose -2*f = -5*f + t. Calculate the remainder when 8 is divided by f.
2
Let a be 6 - (1 - 19)*(-28)/21. Suppose 5*t = 3*k + 2*k - 170, 0 = -5*k - 4*t + 197. Let o = a + k. Calculate the remainder when o is divided by 7.
5
Let v(k) = 2*k - 1. Let d be v(-21). Let q = d - -92. Calculate the remainder when q is divided by 13.
10
Let v be 6556/(-18) + 10/45. Let r = -259 - v. What is the remainder when r is divided by 54?
51
Let l be 18/(-4)*(3 + (-28)/12). Let p(j) = j**3 + 5*j**2 + 4*j - 1. Calculate the remainder when 18 is divided by p(l).
3
Let c be 2/(-6) - 94/6. Let w = c - -41. Let q = 41 - 34. Calculate the remainder when w is divided by q.
4
Let m(w) = -w**3 + 77*w**2 + 159*w - 56. What is the remainder when 320 is divided by m(79)?
21
Suppose 3*c = -4*m - 158, 0 = 2*m + 3*c - 35 + 111. Let g = m - -58. Calculate the remainder when 48 is divided by g.
14
Let f be (2 - (-20)/5) + -3. Suppose 2*s + 107 = z, z + f*z + s = 455. Calculate the remainder when z is divided by 29.
26
Suppose 3*m - 4*v = 2*m + 44, -5*m + 295 = -5*v. What is the remainder when m is divided by 33?
31
Suppose 12*f - 83 - 97 = 0. Let v be (-4)/(-6)*(35 + 1). Let k = v - f. What is the remainder when 15 is divided by k?
6
Suppose -53*p + 61*p = 224. What is the remainder when 37 is divided by p?
9
Suppose -16 = -2*n - 6. Suppose d = -n*d. Suppose a + 4 - 18 = d. What is the remainder when a is divided by 6?
2
Let b(w) = 6*w**3 + 6*w**2 - 7*w - 3. What is the remainder when 208 is divided by b(2)?
43
Let i(g) = -g**2 + 7*g - 5. Let v be i(2). Suppose 7*x - v*x = 178. Calculate the remainder when x is divided by 18.
17
Let x = 675 + -451. What is the remainder when x is divided by 58?
50
Let r(u) be the first derivative of u**4/4 + 7*u**3/3 + 2*u**2 + 9*u - 4. Let n = 25 - 19. Calculate the remainder when r(-6) is divided by n.
3
What is the remainder when 57 is divided by (-1 - -2 - (-41 - 1)) + 2?
12
Let x(b) = b**2 + b. Let v be x(-4). Calculate the remainder when (-1)/(3/v) - -35 is divided by 16.
15
Suppose 3*t + t + 174 = 2*x, 0 = -5*x - 3*t + 435. Calculate the remainder when x is divided by 15.
12
Let b(s) = -2*s**2 - 34*s - 20. Let a be b(-16). Suppose -16 = -4*m - 5*k - 0, 5*k = 3*m - a. What is the remainder when 50 is divided by m?
2
Suppose -z = 2, 2*p = -0*p - 2*z + 18. Let l(r) = r**3 + 18*r**2 - 18 + 2*r**3 - 24*r**2 - 2*r**3 - 10*r. What is the remainder when l(8) is divided by p?
8
Let s(z) = 8*z**3 + 2*z**2 - z. Let g(u) = u**2 - 5*u + 5. Let l be g(4). What is the remainder when 60 is divided by s(l)?
6
Let y = 992 - 921. Let o(c) = c**2 + 2*c - 6. What is the remainder when y is divided by o(-6)?
17
Suppose -5*r + 256 = -84. Suppose -64*q + r*q = 184. Calculate the remainder when q is divided by (-2)/2*2 + 19.
12
Let b = 320 + -239. What is the remainder when b is divided by 12?
9
Let l(c) = 2*c - 12. Let r(m) = 2*m - 10. Let y be r(7). What is the remainder when (-4 - -46)*y/12 is divided by l(8)?
2
Suppose 0 = -13*l + 491 + 211. What is the remainder when l is divided by 7?
5
Suppose -8*r = -10*r + 400. Calculate the remainder when r is divided by 35.
25
Let k be (3/(-9))/(2/(-66)). Suppose -16*y + k*y = -155. Suppose 4*d = 2*d - b + 23, 2*d - b = 21. Calculate the remainder when y is divided by d.
9
Let n = 316 - 262. Calculate the remainder when n is divided by 19.
16
Suppose 0*h = -2*h + 4. Let o(l) = -4*l**2 + 88*l - 98*l + 5*l**h + 4. What is the remainder when 6 is divided by o(10)?
2
Let l be (-7)/(-1) + -9 + 12 + -6. Suppose -5*x + 5*v = -20, -x - l*x + v = -12. What is the remainder when 4 is divided by x?
0
Let h = -251 - -255. Calculate the remainder when 12 is divided by h.
0
Suppose 4 = 3*d - 83. Let g(a) = a**2 + 9*a - 14. Let w be 2/4 - 115/10. Calculate the remainder when d is divided by g(w).
5
Suppose 152*j - 385 = 145*j. Calculate the remainder when j is divided by 27.
1
Suppose 4*y - 36 = 3*j, 2*j - j + 44 = 4*y. What is the remainder when 227 is divided by y?
11
Suppose 12 = -0*i + 3*i. Suppose 0 + i = -w. Calculate the remainder when 83 is divided by (-8 - w)*(-1 + -6).
27
What is the remainder when 123 is divided by (-52)/(-6)*((-9)/(-2))/1?
6
Suppose 3*c + 4*h + 33 = 0, -c + 3 - 14 = 4*h. Let s = c + -24. Let k = 50 + s. Calculate the remainder when 44 is divided by k.
14
Calculate the remainder when 135 is divided by (-17)/(7 + (-135)/18).
33
Suppose -30 = s - 6*s. What is the remainder when 13 is divided by s - (-2 - -4) - -3?
6
Let k be 6/(-7 - -4) - -18. What is the remainder when 31 is divided by k/(-28) - (-162)/14?
9
Let c(o) = -5*o**3 - o**2 - o - 1. Let g be c(-1). Suppose 2*d + 36 = g*d. What is the remainder when d is divided by ((-276)/(-126))/((-170)/(-595)) - 2/3?
4
Let v(q) = 4*q**2 + 5*q - 29. Calculate the remainder when 327 is divided by v(4).
52
Let c(r) = 2*r - 9. Let l be c(-8). Let h = l + 34. Calculate the remainder when 70 is divided by h.
7
Let x(p) = p**3 - p**2 + p + 9. Let o be 105/9 - 4/24*-2. What is the remainder when o*1*(-16)/(-12) is divided by x(0)?
7
Let q(g) = -g**2 + 5*g - 1. Let s be q(2). Suppose s*n - 15 = 45. Calculate the remainder when 23 is divided by n.
11
Suppose v = 2*l, 3*l - 3*v = 5 + 1. What is the remainder when l/4 - 75/(-2) is divided by 4?
1
Calculate the remainder when 41/82 - 302/(-4) is divided by 16.
12
Suppose -c + 5*t = -76, 0 = 2*c + 5*t + 99 - 251. Suppose -4*d + 36 = -0*d. Calculate the remainder when 6/9 + c/3 is divided by d.
8
Suppose 92 + 47 = 3*j + t, 49 = j - t. Let h = 19 - 9. What is the remainder when j is divided by h?
7
Let i be 4/(-22) + 247/209. What is the remainder when (16/72 - 572/(-18))*i is divided by (17 - 0) + (1 - 1)?
15
Suppose 0 = 5*z - k - 9, 4*z + 4*k = 3*k. Suppose -5*m + 6 = -64. What is the remainder when m is divided by 9/3*z - -2?
4
Suppose -40*u = -9*u - 1705. Calculate the remainder when u is divided by 24.
7
Let y(a) = 2*a**2 + 75*a + 153. What is the remainder when 139 is divided by y(-2)?
7
Let w be 6*(-2)/(-8)*2. Suppose 5*b = -4*x + 3, -w*b + 6*b + 3 = 0. What is the remainder when 64 is divided by ((-1)/(-3))/(x/198)?
31
Calculate the remainder when 2393 is divided by ((-14)/(-35))/(3/855).
113
Let h(u) = -u**3 + 7*u**2 - 3*u + 12. Let t be h(6). What is the remainder when 29 is divided by 465/t - (-2)/4?
13
Let b(n) = 4*n**2 + 4*n - 12. Suppose v + 2*f = 3*v - 216, -3*